
What is the billions digit of 2256339552?
2
What is the hundreds digit of 167941017?
0
What is the ten millions digit of 155767375?
5
What is the hundreds digit of 20536161?
1
What is the millions digit of 2340625436?
0
What is the thousands digit of 647296760?
6
What is the millions digit of 1889132452?
9
What is the hundreds digit of 536652524?
5
What is the ten thousands digit of 919990852?
9
What is the tens digit of 197182818?
1
What is the units digit of 41710126?
6
What is the units digit of 4136694524?
4
What is the hundreds digit of 747691739?
7
What is the tens digit of 87830992?
9
What is the units digit of 125505971?
1
What is the billions digit of 2291919436?
2
What is the tens digit of 77545272?
7
What is the units digit of 144916386?
6
What is the thousands digit of 2409823205?
3
What is the ten thousands digit of 57216829?
1
What is the units digit of 17788238?
8
What is the ten thousands digit of 484448783?
4
What is the ten thousands digit of 16176250?
7
What is the ten millions digit of 64422498?
6
What is the units digit of 44845427?
7
What is the hundred thousands digit of 374557568?
5
What is the hundreds digit of 231797594?
5
What is the ten millions digit of 189733171?
8
What is the hundreds digit of 175321203?
2
What is the units digit of 1955157996?
6
What is the ten millions digit of 4732325000?
3
What is the thousands digit of 3603310695?
0
What is the ten millions digit of 1032245682?
3
What is the thousands digit of 665936480?
6
What is the hundred millions digit of 1576684721?
5
What is the ten thousands digit of 603030968?
3
What is the ten thousands digit of 37301572?
0
What is the tens digit of 717517855?
5
What is the thousands digit of 5835069?
5
What is the tens digit of 357151168?
6
What is the units digit of 60811601?
1
What is the millions digit of 284349026?
4
What is the thousands digit of 1727624282?
4
What is the ten thousands digit of 757328549?
2
What is the ten thousands digit of 67902790?
0
What is the hundreds digit of 352192565?
5
What is the tens digit of 12363410?
1
What is the hundreds digit of 159842954?
9
What is the billions digit of 1796932297?
1
What is the hundred thousands digit of 210033216?
0
What is the millions digit of 258702304?
8
What is the tens digit of 282420874?
7
What is the millions digit of 7729458649?
9
What is the tens digit of 117301727?
2
What is the hundred thousands digit of 250529342?
5
What is the hundred millions digit of 843071279?
8
What is the tens digit of 87686321?
2
What is the ten thousands digit of 10839206?
3
What is the thousands digit of 93277460?
7
What is the thousands digit of 32907370?
7
What is the units digit of 359168076?
6
What is the hundreds digit of 1458397003?
0
What is the millions digit of 465549695?
5
What is the ten millions digit of 60970635?
6
What is the tens digit of 209929367?
6
What is the hundred millions digit of 7098426988?
0
What is the tens digit of 1336945509?
0
What is the thousands digit of 49571864?
1
What is the thousands digit of 1922662306?
2
What is the ten thousands digit of 74235381?
3
What is the thousands digit of 3430034726?
4
What is the hundreds digit of 446708993?
9
What is the millions digit of 745295378?
5
What is the hundreds digit of 306289270?
2
What is the units digit of 2019874504?
4
What is the hundred thousands digit of 146625726?
6
What is the units digit of 21034458?
8
What is the units digit of 43678529?
9
What is the hundreds digit of 46171179?
1
What is the hundred thousands digit of 315137546?
1
What is the hundred millions digit of 218144490?
2
What is the hundred millions digit of 201310967?
2
What is the ten thousands digit of 3630610460?
1
What is the ten thousands digit of 25135850?
3
What is the thousands digit of 124628633?
8
What is the ten millions digit of 3111068132?
1
What is the hundreds digit of 69202964?
9
What is the hundred thousands digit of 12042203?
0
What is the thousands digit of 165121174?
1
What is the thousands digit of 137744966?
4
What is the tens digit of 38363228?
2
What is the hundreds digit of 2203201941?
9
What is the units digit of 5223996?
6
What is the thousands digit of 3768774640?
4
What is the millions digit of 32766335?
2
What is the hundreds digit of 164161103?
1
What is the units digit of 119364514?
4
What is the ten thousands digit of 34250436?
5
What is the tens digit of 402814376?
7
What is the hundred thousands digit of 2771081973?
0
What is the billions digit of 3597213196?
3
What is the millions digit of 1573076486?
3
What is the hundred millions digit of 301439252?
3
What is the units digit of 251439462?
2
What is the thousands digit of 9517947152?
7
What is the hundred millions digit of 970030496?
9
What is the thousands digit of 308812848?
2
What is the ten thousands digit of 88049677?
4
What is the millions digit of 247320090?
7
What is the thousands digit of 1161904801?
4
What is the ten millions digit of 87260879?
8
What is the thousands digit of 245735779?
5
What is the hundred millions digit of 516710862?
5
What is the millions digit of 1104776802?
4
What is the thousands digit of 3111460683?
0
What is the ten millions digit of 18773426?
1
What is the ten thousands digit of 78307391?
0
What is the hundred millions digit of 267754777?
2
What is the units digit of 1822996325?
5
What is the thousands digit of 22508444?
8
What is the billions digit of 6056681620?
6
What is the hundred millions digit of 232478341?
2
What is the ten millions digit of 34313115?
3
What is the hundred thousands digit of 263135639?
1
What is the ten millions digit of 1321466026?
2
What is the units digit of 5224472?
2
What is the hundred thousands digit of 161586399?
5
What is the ten millions digit of 3353154242?
5
What is the millions digit of 2217074748?
7
What is the millions digit of 123902078?
3
What is the hundred millions digit of 251870780?
2
What is the units digit of 103764601?
1
What is the thousands digit of 9982668?
2
What is the ten thousands digit of 289943860?
4
What is the hundred millions digit of 309215136?
3
What is the billions digit of 1201068012?
1
What is the ten thousands digit of 1779808634?
0
What is the units digit of 896628239?
9
What is the ten thousands digit of 276768029?
6
What is the ten thousands digit of 1158286477?
8
What is the thousands digit of 640115038?
5
What is the units digit of 245876012?
2
What is the hundred millions digit of 589470843?
5
What is the billions digit of 1515834578?
1
What is the tens digit of 2253209076?
7
What is the hundred thousands digit of 155438519?
4
What is the tens digit of 2599254317?
1
What is the hundreds digit of 184341752?
7
What is the hundred thousands digit of 3358716853?
7
What is the millions digit of 188617391?
8
What is the hundred thousands digit of 1939488575?
4
What is the ten thousands digit of 26040779?
4
What is the hundred millions digit of 1883945939?
8
What is the ten thousands digit of 1829436886?
3
What is the tens digit of 737136153?
5
What is the thousands digit of 89301168?
1
What is the millions digit of 124300681?
4
What is the units digit of 23901436?
6
What is the ten millions digit of 10581312?
1
What is the units digit of 89816930?
0
What is the thousands digit of 163279627?
9
What is the units digit of 624128154?
4
What is the ten thousands digit of 748156284?
5
What is the billions digit of 2964508302?
2
What is the millions digit of 120144935?
0
What is the hundreds digit of 341122682?
6
What is the hundreds digit of 259317766?
7
What is the tens digit of 27138973?
7
What is the units digit of 1500036931?
1
What is the hundred millions digit of 219623827?
2
What is the units digit of 1353913142?
2
What is the tens digit of 1832164911?
1
What is the millions digit of 810855406?
0
What is the hundreds digit of 246610085?
0
What is the thousands digit of 127177538?
7
What is the hundred thousands digit of 120821258?
8
What is the thousands digit of 578591317?
1
What is the ten millions digit of 780382386?
8
What is the ten thousands digit of 63964407?
6
What is the ten millions digit of 2761227437?
6
What is the thousands digit of 1468553943?
3
What is the tens digit of 584781637?
3
What is the hundred thousands digit of 87728954?
7
What is the ten millions 